te the remainder when 47 is divided by (125/(-20))/(2/l).
22
Suppose 4*z + 0*z = 3*h + 15, -4*z - 2*h + 10 = 0. Let g(f) = f**3 - f**2 - 2*f + 1. Let b = -21 - -83. What is the remainder when b is divided by g(z)?
10
Let o(c) = -8*c. Let a(i) = i**3 + 31*i**2 + 82*i - 18. Calculate the remainder when a(-28) is divided by o(-1).
6
Let j be 4/((-8)/(-30))*1. Let u = j - 9. Calculate the remainder when ((-1)/(-2))/((-5)/(-100)) is divided by u.
4
Let x be 2982/(-168) + (6/8)/(-3). Calculate the remainder when 74 is divided by -4 + ((-170)/(-6) - 12/x).
24
Suppose -10 = -3*t + 26. Suppose 23*f - 17*f - 132 = 0. Calculate the remainder when f is divided by t.
10
Let d = 57 + -51. Suppose 20 = d*k - 100. Calculate the remainder when 77 is divided by k.
17
Suppose 0 = -4*k - 62 + 202. Suppose 46 = 3*m - k. What is the remainder when 51 is divided by m?
24
Suppose 0*c - 3*c + 48 = 0. What is the remainder when c is divided by ((-20)/(-3))/(-4)*-3 - -4?
7
Let o = 24 - 22. Suppose o*q + 3 = 3*q. Suppose -c = -q*c + 50. What is the remainder when c is divided by 9?
7
Let q = 54 - 77. Suppose -5*g = -9 - 121. Let o = q + g. Calculate the remainder when o is divided by 1.
0
Let s(y) = 13*y - 1. Let j be s(1). Let k be (135/6)/(j/16). What is the remainder when 19 is divided by (10/3)/(10/k)?
9
Let v(x) = 15*x - 111. What is the remainder when 177 is divided by v(8)?
6
Let f = -17 + 21. What is the remainder when 75 is divided by 2/1*(30/f + -1)?
10
Let o(h) = -53*h - 1. Let v = 69 - 66. Suppose -v = -f + 24. What is the remainder when o(-1) is divided by f?
25
Let q(y) = -y**3 + 5*y**2 - 5*y - 1. Let f be q(4). Let l = 191 - 166. Let j = f + l. Calculate the remainder when j is divided by 7.
6
Let j(v) = v**3 - 14*v**2 - 43. What is the remainder when j(15) is divided by 95?
87
Let t = -4 - -109. Let q = -73 + t. Calculate the remainder when q is divided by 11.
10
Calculate the remainder when 86*5/40*4 is divided by 25.
18
Let l(g) = 2*g**2 - 2*g - 29. What is the remainder when 77 is divided by l(-5)?
15
Let a = -6 - -9. Let y = -5 + a. What is the remainder when 37 is divided by y/2 + 17 + -3?
11
Suppose 0 + 1 = -g, d - 4*g - 16 = 0. What is the remainder when 261 is divided by d?
9
Let t = 138 - 85. Suppose t = -10*k + 313. What is the remainder when 103 is divided by k?
25
Calculate the remainder when 3/((-15)/1) - 121/(-5) is divided by 4/(-6) + (-116)/(-12).
6
Let q = -127 - -244. Calculate the remainder when q is divided by 40.
37
Suppose -5*y = -2*y - 150. Suppose -4*m + 6*m = y. Let d = 74 - -23. What is the remainder when d is divided by m?
22
Suppose v - 155 = -0*y - 4*y, -5*v + 690 = 3*y. Calculate the remainder when v is divided by 46.
43
Let c(z) be the third derivative of z**5/60 + z**4/24 + 2*z**3/3 + 16*z**2. Calculate the remainder when c(-5) is divided by 5.
4
Let f = -26 + 56. Let c be 3/18 - (-4495)/f. Suppose -c = -y - y. Calculate the remainder when y is divided by 26.
23
Let t(s) = s**3 + 14*s**2 - 3*s - 46. Let k be t(-14). Let z = k + 25. What is the remainder when 103 is divided by z?
19
Let f(r) = 132*r - 60. Calculate the remainder when f(1) is divided by 59.
13
Let p = 12 + -12. Let w(k) = p + 2*k - 3 - 1. Calculate the remainder when 29 is divided by w(5).
5
Suppose t - 50 - 24 = 0. Calculate the remainder when t is divided by 19.
17
Let p(j) = 15*j**3 + 3*j**2 - 3*j - 6. Let q be p(-2). Let l = 141 + q. What is the remainder when l is divided by 17?
16
Suppose -45*m + 140 = r - 40*m, -2*r + 265 = -5*m. What is the remainder when r is divided by 45?
0
Let r be 2/6 - 21/9. Let d be (2/3)/((-2)/(-3)). Calculate the remainder when d + (-60)/r + 3 is divided by 9.
7
Let d be ((-174)/4)/((-45)/60). Suppose 2*p - d = 5*v, 2*v + 3*v - 37 = -3*p. Suppose -5*u = -2*u - 165. Calculate the remainder when u is divided by p.
17
Let x = -239 + 460. Calculate the remainder when x is divided by 32.
29
Let r = 6 + 16. Calculate the remainder when r is divided by ((-24)/(-36))/((-1)/(-18)).
10
Let x(o) = -9*o + 3. Let l be x(-1). Let a(q) = -q**2 + 16*q - 12. What is the remainder when a(l) is divided by 20?
16
Let q(d) = 12 + 12 - 67*d**3 - 23. Suppose 6*g - g - 115 = 0. What is the remainder when q(-1) is divided by g?
22
Let l(i) = i**3 - 15*i**2 + 27*i - 7. Let t(p) = p**3 + 6*p**2 + 3*p + 3. Calculate the remainder when t(-4) is divided by l(13).
5
Let s = -451 + 575. What is the remainder when 492 is divided by s?
120
Let h(z) = -z - 4. Let j be h(-6). What is the remainder when 1*6 - 3*j/2 is divided by 1?
0
Suppose 26 = 7*n - 5*n. What is the remainder when (-974)/(-16) + (-5)/(-40) is divided by n?
9
Let x = -173 + 185. Suppose -4*f + 3*d + 18 = 0, -3*f - 5*d + 0 - 1 = 0. Calculate the remainder when x is divided by f.
0
Calculate the remainder when (4 + 0)/(9*(-16)/(-9720)) is divided by 77.
39
Let n = 1002 + -959. What is the remainder when n is divided by 11?
10
Let i(h) = 5*h**2 - 11*h + 10. Let a be ((-7)/(-2))/(12/24). Calculate the remainder when i(a) is divided by 36.
34
Suppose f = 5*b - 4*b - 369, -2*f = -6. What is the remainder when b is divided by 34?
32
Suppose 0 = -2*r + 7*r + 3*c - 35, 5 = 3*r + 5*c. Calculate the remainder when 27 is divided by r.
7
Let w(g) = 112*g**2 + g - 1. Let t be w(-2). Let x = t - 251. Calculate the remainder when x is divided by 13.
12
Let g = -292 + 502. Calculate the remainder when g is divided by 43.
38
Let c(x) = x**2 - 21*x - 8. Let y be c(14). What is the remainder when 69 is divided by 18/(-30) - y/10?
9
Let t = -30 - -53. Let u = 11 - 7. Calculate the remainder when t is divided by u.
3
Calculate the remainder when (0 - -1 - -74) + (-24)/(-6) is divided by 8.
7
Suppose 4*f + 2*f = 102. What is the remainder when (-5093)/(-44) - 3/(-12) is divided by f?
14
Suppose 3*n - 528 = -81. Calculate the remainder when n is divided by ((-447)/84 - (-24)/42)*-4.
16
Let z(i) = 3*i**3 + 2*i**2 - 7*i - 1. Let l be z(3). Suppose -4*p = 3*u - l, 0 = u - p - p - 39. What is the remainder when 247 is divided by u?
30
Let l be 4*142/8*-1. Let x = -45 - l. Calculate the remainder when 51 is divided by x.
25
Calculate the remainder when 44 is divided by 2/23 - (-58497)/2553.
21
Let i(r) = 2*r - 1. Suppose -1326 = -8*x - 26*x. What is the remainder when x is divided by i(3)?
4
Let p = -8 + 9. Let y be -1*(-4 - -1) - p. Suppose -45 = -y*x + 1. What is the remainder when x is divided by 6?
5
Let g be 1*(4 + -2*10). Let f = g + 35. Calculate the remainder when f is divided by 10.
9
Suppose 47*c - 150*c = -9167. What is the remainder when 164 is divided by c?
75
Let d(u) = 1 - 6*u**2 + 6*u**2 - 7*u**3 + u**2 + u**3 + 5*u. What is the remainder when d(-2) is divided by 5?
3
Let d(k) = k**3 - 5*k**2 + 6*k + 6. Let c(o) = -o**2 + o + 5. Let s be c(0). Suppose -102 = -13*r + 67. What is the remainder when d(s) is divided by r?
10
What is the remainder when 169 is divided by 6 - (78/6)/(3/(-9))?
34
Let z = -22 - -27. Suppose 6*w - w = z. What is the remainder when (-37 - w)*3/(-6) is divided by 7?
5
Suppose h + j - 180 = 0, -5*h - 3*j = 32 - 934. What is the remainder when h is divided by 22?
5
Let y = 13 + 1. Suppose 15*h - 1674 + 1629 = 0. Calculate the remainder when y is divided by h.
2
Let p(t) = 210*t**3 + t**2 - 1. Let b be p(-1). Let d = -117 - b. What is the remainder when d is divided by (-195)/(-10) + (-8)/16?
17
What is the remainder when (-1)/(9/(-297)) + -8 is divided by 6/4*42/9?
4
Let y be -8 - 2*(-6)/4. Let a(q) = q**2 + 3*q - 4. Let k(c) = 3*c**2 + 3*c + 3. Calculate the remainder when k(-2) is divided by a(y).
3
Suppose 15 = 6*m + 3. Suppose 2*x - 154 = -5*y, 6*x + 5*y = m*x + 308. What is the remainder when x is divided by 20?
17
Suppose -3043 = 35*y - 16973. Calculate the remainder when y is divided by 67.
63
Suppose 2*t + 4 = 8. Suppose -2*z = -4*o - 102, 3*o - t*o + 114 = 2*z. What is the remainder when z is divided by 30?
29
Suppose 7*k - 22 - 48 = 0. What is the remainder when 38 is divided by k?
8
Calculate the remainder when -3 - 8 - -171 - 5 is divided by 40.
35
Let j = 126 + -112. Calculate the remainder when 44 is divided by j.
2
Let v(f) = -11*f - 1. What is the remainder when v(-5) is divided by 8/20 + 13/((-195)/(-204))?
12
Let n = 361 + -338. Calculate the remainder when 137 is